{"id":5,"date":"2023-09-27T20:43:24","date_gmt":"2023-09-27T20:43:24","guid":{"rendered":"https:\/\/www.zubarka-jarov.cz\/?page_id=5"},"modified":"2026-04-01T13:14:13","modified_gmt":"2026-04-01T13:14:13","slug":"nova-zubni-ordinace","status":"publish","type":"page","link":"https:\/\/www.zubarka-jarov.cz\/","title":{"rendered":"Zubn\u00ed ordinace<br>MDDr. Zuzana Fa\u0161kov\u00e1"},"content":{"rendered":"\n<div class=\"wp-block-media-text has-media-on-the-right is-stacked-on-mobile is-vertically-aligned-top\" style=\"font-size:24px;grid-template-columns:auto 31%\"><div class=\"wp-block-media-text__content\">\n<p>Z kapacitn\u00edch d\u016fvod\u016f jsme byly nuceni do\u010dasn\u011b pozastavit p\u0159\u00edj\u00edm\u00e1n\u00ed nov\u00fdch pacient\u016f. <\/p>\n\n\n\n<p><\/p>\n<\/div><figure class=\"wp-block-media-text__media\"><img loading=\"lazy\" decoding=\"async\" width=\"1024\" height=\"1024\" src=\"https:\/\/www.zubarka-jarov.cz\/wp-content\/uploads\/2023\/10\/zub.gif\" alt=\"\" class=\"wp-image-163 size-medium\"\/><\/figure><\/div>\n\n\n\n<div class=\"wp-block-columns is-layout-flex wp-container-core-columns-is-layout-9d6595d7 wp-block-columns-is-layout-flex\">\n<div class=\"wp-block-column is-layout-flow wp-block-column-is-layout-flow\" style=\"flex-basis:50%\">\n<p><\/p>\n\n\n\n<p id=\"kontakt\">Kontakty:<br><strong>MDDr.Zuzana Fa\u0161kov\u00e1<\/strong><br>Centrum zdravotn\u00ed p\u00e9\u010de  Jarov, 3.patro<br>Hartigova 205 (d\u0159\u00edve Kon\u011bvova), Praha 3<\/p>\n\n\n\n<p><strong>email:<\/strong> <a href=\"mailto:mddr.faskova@email.cz\">mddr.faskova@email.cz<\/a> <br><strong>telefon:<\/strong> +420 736 404 665<\/p>\n\n\n\n<p><strong>Otev\u00edrac\u00ed doba:<\/strong><br>po &#8211; \u010dt: 8.00 &#8211; 16.00<br>p\u00e1: 8.00 &#8211; 12.00 (pouze dent\u00e1ln\u00ed hygiena)<br><br><strong>Nep\u0159\u00edtomnost<\/strong><br>2.4.2026 dovolen\u00e1<\/p>\n<\/div>\n\n\n\n<div class=\"wp-block-column is-vertically-aligned-center is-layout-flow wp-block-column-is-layout-flow\" style=\"font-size:32px;flex-basis:50%\">\n<iframe src=\"https:\/\/www.google.com\/maps\/embed?pb=!1m18!1m12!1m3!1d2559.648417341295!2d14.48362397613062!3d50.09286911304654!2m3!1f0!2f0!3f0!3m2!1i1024!2i768!4f13.1!3m3!1m2!1s0x470b935f31e43a29%3A0x3a465c32065ebf2d!2sMDDr.%20Zuzana%20Fa%C5%A1kov%C3%A1!5e0!3m2!1scs!2scz!4v1697016500235!5m2!1scs!2scz\" width=\"400\" height=\"300\" style=\"border:1;\" allowfullscreen=\"\" loading=\"lazy\" referrerpolicy=\"no-referrer-when-downgrade\"><\/iframe>\n<\/div>\n<\/div>\n\n\n\n<div class=\"wp-block-columns are-vertically-aligned-top is-layout-flex wp-container-core-columns-is-layout-9d6595d7 wp-block-columns-is-layout-flex\">\n<div class=\"wp-block-column is-layout-flow wp-block-column-is-layout-flow\" style=\"flex-basis:100%\">\n<p id=\"o_nas\"><strong>O n\u00e1s<\/strong><\/p>\n\n\n\n<p><\/p>\n\n\n\n<p>v\u00edtejte v na\u0161\u00ed modern\u00ed zubn\u00ed ordinaci, kde se budeme v\u011bnovat p\u00e9\u010di o va\u0161e zuby s nejvy\u0161\u0161\u00ed profesionalitou a laskavost\u00ed. M\u00e1me v\u00edce ne\u017e 10 let praxe v oboru zubn\u00edho l\u00e9ka\u0159stv\u00ed. Ordinace je vybavena modern\u00ed technologi\u00ed a zku\u0161en\u00fdm t\u00fdmem, kter\u00fd se postar\u00e1 o to, aby v\u00e1\u0161 \u00fasm\u011bv byl v\u017edy v nejlep\u0161\u00ed kondici. P\u0159i n\u00e1v\u0161t\u011bv\u011b na\u0161\u00ed ordinace m\u016f\u017eete o\u010dek\u00e1vat klidn\u00e9 a p\u0159\u00e1telsk\u00e9 prost\u0159ed\u00ed, kde je d\u016fraz kladen na individu\u00e1ln\u00ed p\u0159\u00edstup k pacientovi. Na\u0161e mise je zajistit, aby va\u0161e n\u00e1v\u0161t\u011bva byla co nejp\u0159\u00edjemn\u011bj\u0161\u00ed a aby va\u0161e zuby byly zdrav\u00e9 a kr\u00e1sn\u00e9.<\/p>\n\n\n\n<p>Spolupracujeme se v\u0161emi zdravotn\u00edmi poji\u0161\u0165ovnami:<\/p>\n\n\n\n<ul class=\"wp-block-list\">\n<li>\u010cesk\u00e1 pr\u016fmyslov\u00e1 zdravotn\u00ed poji\u0161\u0165ovna&nbsp; (CZPZ 205)<\/li>\n\n\n\n<li>Oborov\u00e1 zdravotn\u00ed poji\u0161\u0165ovna zam\u011bstnanc\u016f bank, poji\u0161\u0165oven a stavebnictv\u00ed (OZP 207)<\/li>\n\n\n\n<li>RBP, zdravotn\u00ed poji\u0161\u0165ovna&nbsp;(RBP 213)<\/li>\n\n\n\n<li>V\u0161eobecn\u00e1 zdravotn\u00ed poji\u0161\u0165ovna \u010cesk\u00e9 republiky (VZP 111)<\/li>\n\n\n\n<li>Vojensk\u00e1 zdravotn\u00ed poji\u0161\u0165ovna \u010cR (VOZP 201)<\/li>\n\n\n\n<li>Zam\u011bstnaneck\u00e1 poji\u0161\u0165ovna \u0160koda (ZPS 209)<\/li>\n\n\n\n<li>Zdravotn\u00ed poji\u0161\u0165ovna ministerstva vnitra (ZPMV&nbsp; 211)<\/li>\n<\/ul>\n<\/div>\n<\/div>\n\n\n\n<p id=\"cenik\"><strong>Cen\u00edk<\/strong><\/p>\n\n\n\n<p>Vstupn\u00ed prohl\u00eddka &#8211; hrazeno ze ZP (samopl\u00e1tci 1500 K\u010d)<br>Preventivn\u00ed prohl\u00eddka &#8211; hrazeno ze ZP (samopl\u00e1tci 1000 K\u010d)<br>OPG &#8211; hrazeno ze ZP (samopl\u00e1tci 750 K\u010d)<br>RTG sn\u00edmek &#8211; hrazeno ze ZP (samopl\u00e1tci 100 K\u010d)<br>Anestezie &#8211; hrazeno ze ZP (samopl\u00e1tci 150)<br>Extrakce &#8211; hrazeno ze ZP (samopl\u00e1tci 750 &#8211; 2250 K\u010d)<br>Dent\u00e1ln\u00ed hygiena &#8211; vstupn\u00ed: 2000 K\u010d<br>Dent\u00e1ln\u00ed hygiena &#8211; recall: 1800 K\u010d<br>B\u011blen\u00ed &#8211; dom\u00e1c\u00ed: 5500 K\u010d<br>Fotokompozitn\u00ed v\u00fdpl\u0148: 1700 &#8211; 4210 K\u010d<br>Skloinomern\u00ed v\u00fdpl\u0148: 1470 &#8211; 2205 K\u010d<br>Overlay: 5600 K\u010d<br>Metalokeramick\u00e1 korunka: 6500 K\u010d<br>Celokeramick\u00e1 korunka: 7400 &#8211; 7900 K\u010d<br>Endodontick\u00e9 o\u0161et\u0159en\u00ed: 6300 &#8211; 11400 K\u010d<br><br>Kompletn\u00ed cen\u00edk je k nahl\u00e9dnut\u00ed v ordinaci <br><br><br><\/p>\n\n\n\n<p><\/p>\n\n\n\n<figure class=\"wp-block-gallery has-nested-images columns-default is-cropped wp-block-gallery-1 is-layout-flex wp-block-gallery-is-layout-flex\">\n<figure class=\"wp-block-image size-full\"><img loading=\"lazy\" decoding=\"async\" width=\"1000\" height=\"665\" data-id=\"190\" src=\"https:\/\/www.zubarka-jarov.cz\/wp-content\/uploads\/2023\/10\/IMG_8075.jpg\" alt=\"\" class=\"wp-image-190\" srcset=\"https:\/\/www.zubarka-jarov.cz\/wp-content\/uploads\/2023\/10\/IMG_8075.jpg 1000w, https:\/\/www.zubarka-jarov.cz\/wp-content\/uploads\/2023\/10\/IMG_8075-300x200.jpg 300w, https:\/\/www.zubarka-jarov.cz\/wp-content\/uploads\/2023\/10\/IMG_8075-768x511.jpg 768w\" sizes=\"auto, (max-width: 1000px) 100vw, 1000px\" \/><\/figure>\n\n\n\n<figure class=\"wp-block-image size-large\"><img loading=\"lazy\" decoding=\"async\" width=\"1000\" height=\"667\" data-id=\"189\" src=\"https:\/\/www.zubarka-jarov.cz\/wp-content\/uploads\/2023\/10\/IMG_8081.jpg\" alt=\"\" class=\"wp-image-189\" srcset=\"https:\/\/www.zubarka-jarov.cz\/wp-content\/uploads\/2023\/10\/IMG_8081.jpg 1000w, https:\/\/www.zubarka-jarov.cz\/wp-content\/uploads\/2023\/10\/IMG_8081-300x200.jpg 300w, https:\/\/www.zubarka-jarov.cz\/wp-content\/uploads\/2023\/10\/IMG_8081-768x512.jpg 768w\" sizes=\"auto, (max-width: 1000px) 100vw, 1000px\" \/><\/figure>\n\n\n\n<figure class=\"wp-block-image size-large jakatr\"><img loading=\"lazy\" decoding=\"async\" width=\"1000\" height=\"667\" data-id=\"192\" src=\"https:\/\/www.zubarka-jarov.cz\/wp-content\/uploads\/2023\/10\/IMG_8082-1.jpg\" alt=\"\" class=\"wp-image-192\" srcset=\"https:\/\/www.zubarka-jarov.cz\/wp-content\/uploads\/2023\/10\/IMG_8082-1.jpg 1000w, https:\/\/www.zubarka-jarov.cz\/wp-content\/uploads\/2023\/10\/IMG_8082-1-300x200.jpg 300w, https:\/\/www.zubarka-jarov.cz\/wp-content\/uploads\/2023\/10\/IMG_8082-1-768x512.jpg 768w\" sizes=\"auto, (max-width: 1000px) 100vw, 1000px\" \/><\/figure>\n<\/figure>\n\n\n\n<div class=\"wp-block-columns is-layout-flex wp-container-core-columns-is-layout-9d6595d7 wp-block-columns-is-layout-flex\">\n<div class=\"wp-block-column is-layout-flow wp-block-column-is-layout-flow\"><\/div>\n\n\n\n<div class=\"wp-block-column is-layout-flow wp-block-column-is-layout-flow\"><\/div>\n<\/div>\n","protected":false},"excerpt":{"rendered":"<p>Z kapacitn\u00edch d\u016fvod\u016f jsme byly nuceni do\u010dasn\u011b pozastavit p\u0159\u00edj\u00edm\u00e1n\u00ed nov\u00fdch pacient\u016f. Kontakty:MDDr.Zuzana Fa\u0161kov\u00e1Centrum zdravotn\u00ed p\u00e9\u010de Jarov, 3.patroHartigova 205 (d\u0159\u00edve Kon\u011bvova), Praha 3 email: mddr.faskova@email.cz telefon: +420 736 404 665 Otev\u00edrac\u00ed doba:po &#8211; \u010dt: 8.00 &#8211; 16.00p\u00e1: 8.00 &#8211; 12.00 (pouze dent\u00e1ln\u00ed hygiena) Nep\u0159\u00edtomnost2.4.2026 dovolen\u00e1 O n\u00e1s v\u00edtejte v na\u0161\u00ed modern\u00ed zubn\u00ed ordinaci, kde se budeme [&hellip;]<\/p>\n","protected":false},"author":1,"featured_media":0,"parent":0,"menu_order":0,"comment_status":"closed","ping_status":"closed","template":"","meta":{"footnotes":""},"class_list":["post-5","page","type-page","status-publish","hentry"],"_links":{"self":[{"href":"https:\/\/www.zubarka-jarov.cz\/index.php?rest_route=\/wp\/v2\/pages\/5","targetHints":{"allow":["GET"]}}],"collection":[{"href":"https:\/\/www.zubarka-jarov.cz\/index.php?rest_route=\/wp\/v2\/pages"}],"about":[{"href":"https:\/\/www.zubarka-jarov.cz\/index.php?rest_route=\/wp\/v2\/types\/page"}],"author":[{"embeddable":true,"href":"https:\/\/www.zubarka-jarov.cz\/index.php?rest_route=\/wp\/v2\/users\/1"}],"replies":[{"embeddable":true,"href":"https:\/\/www.zubarka-jarov.cz\/index.php?rest_route=%2Fwp%2Fv2%2Fcomments&post=5"}],"version-history":[{"count":167,"href":"https:\/\/www.zubarka-jarov.cz\/index.php?rest_route=\/wp\/v2\/pages\/5\/revisions"}],"predecessor-version":[{"id":283,"href":"https:\/\/www.zubarka-jarov.cz\/index.php?rest_route=\/wp\/v2\/pages\/5\/revisions\/283"}],"wp:attachment":[{"href":"https:\/\/www.zubarka-jarov.cz\/index.php?rest_route=%2Fwp%2Fv2%2Fmedia&parent=5"}],"curies":[{"name":"wp","href":"https:\/\/api.w.org\/{rel}","templated":true}]}}

Zubní ordinace<br>MDDr. Zuzana Fašková

<div class="wp-block-media-text has-media-on-the-right is-stacked-on-mobile is-vertically-aligned-top" style="font-size:24px;grid-template-columns:auto 31%"><div class="wp-block-media-text__content">
<p>Z kapacitních důvodů jsme byly nuceni dočasně pozastavit příjímání nových pacientů. </p>



<p></p>
</div><figure class="wp-block-media-text__media"><img loading="lazy" decoding="async" width="1024" height="1024" src="https://www.zubarka-jarov.cz/wp-content/uploads/2023/10/zub.gif" alt="" class="wp-image-163 size-medium"/></figure></div>



<div class="wp-block-columns is-layout-flex wp-container-core-columns-is-layout-9d6595d7 wp-block-columns-is-layout-flex">
<div class="wp-block-column is-layout-flow wp-block-column-is-layout-flow" style="flex-basis:50%">
<p></p>



<p id="kontakt">Kontakty:<br><strong>MDDr.Zuzana Fašková</strong><br>Centrum zdravotní péče  Jarov, 3.patro<br>Hartigova 205 (dříve Koněvova), Praha 3</p>



<p><strong>email:</strong> <a href="mailto:mddr.faskova@email.cz">mddr.faskova@email.cz</a> <br><strong>telefon:</strong> +420 736 404 665</p>



<p><strong>Otevírací doba:</strong><br>po &#8211; čt: 8.00 &#8211; 16.00<br>pá: 8.00 &#8211; 12.00 (pouze dentální hygiena)<br><br><strong>Nepřítomnost</strong><br>2.4.2026 dovolená</p>
</div>



<div class="wp-block-column is-vertically-aligned-center is-layout-flow wp-block-column-is-layout-flow" style="font-size:32px;flex-basis:50%">
<iframe src="https://www.google.com/maps/embed?pb=!1m18!1m12!1m3!1d2559.648417341295!2d14.48362397613062!3d50.09286911304654!2m3!1f0!2f0!3f0!3m2!1i1024!2i768!4f13.1!3m3!1m2!1s0x470b935f31e43a29%3A0x3a465c32065ebf2d!2sMDDr.%20Zuzana%20Fa%C5%A1kov%C3%A1!5e0!3m2!1scs!2scz!4v1697016500235!5m2!1scs!2scz" width="400" height="300" style="border:1;" allowfullscreen="" loading="lazy" referrerpolicy="no-referrer-when-downgrade"></iframe>
</div>
</div>



<div class="wp-block-columns are-vertically-aligned-top is-layout-flex wp-container-core-columns-is-layout-9d6595d7 wp-block-columns-is-layout-flex">
<div class="wp-block-column is-layout-flow wp-block-column-is-layout-flow" style="flex-basis:100%">
<p id="o_nas"><strong>O nás</strong></p>



<p></p>



<p>vítejte v naší moderní zubní ordinaci, kde se budeme věnovat péči o vaše zuby s nejvyšší profesionalitou a laskavostí. Máme více než 10 let praxe v oboru zubního lékařství. Ordinace je vybavena moderní technologií a zkušeným týmem, který se postará o to, aby váš úsměv byl vždy v nejlepší kondici. Při návštěvě naší ordinace můžete očekávat klidné a přátelské prostředí, kde je důraz kladen na individuální přístup k pacientovi. Naše mise je zajistit, aby vaše návštěva byla co nejpříjemnější a aby vaše zuby byly zdravé a krásné.</p>



<p>Spolupracujeme se všemi zdravotními pojišťovnami:</p>



<ul class="wp-block-list">
<li>Česká průmyslová zdravotní pojišťovna&nbsp; (CZPZ 205)</li>



<li>Oborová zdravotní pojišťovna zaměstnanců bank, pojišťoven a stavebnictví (OZP 207)</li>



<li>RBP, zdravotní pojišťovna&nbsp;(RBP 213)</li>



<li>Všeobecná zdravotní pojišťovna České republiky (VZP 111)</li>



<li>Vojenská zdravotní pojišťovna ČR (VOZP 201)</li>



<li>Zaměstnanecká pojišťovna Škoda (ZPS 209)</li>



<li>Zdravotní pojišťovna ministerstva vnitra (ZPMV&nbsp; 211)</li>
</ul>
</div>
</div>



<p id="cenik"><strong>Ceník</strong></p>



<p>Vstupní prohlídka &#8211; hrazeno ze ZP (samoplátci 1500 Kč)<br>Preventivní prohlídka &#8211; hrazeno ze ZP (samoplátci 1000 Kč)<br>OPG &#8211; hrazeno ze ZP (samoplátci 750 Kč)<br>RTG snímek &#8211; hrazeno ze ZP (samoplátci 100 Kč)<br>Anestezie &#8211; hrazeno ze ZP (samoplátci 150)<br>Extrakce &#8211; hrazeno ze ZP (samoplátci 750 &#8211; 2250 Kč)<br>Dentální hygiena &#8211; vstupní: 2000 Kč<br>Dentální hygiena &#8211; recall: 1800 Kč<br>Bělení &#8211; domácí: 5500 Kč<br>Fotokompozitní výplň: 1700 &#8211; 4210 Kč<br>Skloinomerní výplň: 1470 &#8211; 2205 Kč<br>Overlay: 5600 Kč<br>Metalokeramická korunka: 6500 Kč<br>Celokeramická korunka: 7400 &#8211; 7900 Kč<br>Endodontické ošetření: 6300 &#8211; 11400 Kč<br><br>Kompletní ceník je k nahlédnutí v ordinaci <br><br><br></p>



<p></p>



<figure class="wp-block-gallery has-nested-images columns-default is-cropped wp-block-gallery-1 is-layout-flex wp-block-gallery-is-layout-flex">
<figure class="wp-block-image size-full"><img loading="lazy" decoding="async" width="1000" height="665" data-id="190" src="https://www.zubarka-jarov.cz/wp-content/uploads/2023/10/IMG_8075.jpg" alt="" class="wp-image-190" srcset="https://www.zubarka-jarov.cz/wp-content/uploads/2023/10/IMG_8075.jpg 1000w, https://www.zubarka-jarov.cz/wp-content/uploads/2023/10/IMG_8075-300x200.jpg 300w, https://www.zubarka-jarov.cz/wp-content/uploads/2023/10/IMG_8075-768x511.jpg 768w" sizes="auto, (max-width: 1000px) 100vw, 1000px" /></figure>



<figure class="wp-block-image size-large"><img loading="lazy" decoding="async" width="1000" height="667" data-id="189" src="https://www.zubarka-jarov.cz/wp-content/uploads/2023/10/IMG_8081.jpg" alt="" class="wp-image-189" srcset="https://www.zubarka-jarov.cz/wp-content/uploads/2023/10/IMG_8081.jpg 1000w, https://www.zubarka-jarov.cz/wp-content/uploads/2023/10/IMG_8081-300x200.jpg 300w, https://www.zubarka-jarov.cz/wp-content/uploads/2023/10/IMG_8081-768x512.jpg 768w" sizes="auto, (max-width: 1000px) 100vw, 1000px" /></figure>



<figure class="wp-block-image size-large jakatr"><img loading="lazy" decoding="async" width="1000" height="667" data-id="192" src="https://www.zubarka-jarov.cz/wp-content/uploads/2023/10/IMG_8082-1.jpg" alt="" class="wp-image-192" srcset="https://www.zubarka-jarov.cz/wp-content/uploads/2023/10/IMG_8082-1.jpg 1000w, https://www.zubarka-jarov.cz/wp-content/uploads/2023/10/IMG_8082-1-300x200.jpg 300w, https://www.zubarka-jarov.cz/wp-content/uploads/2023/10/IMG_8082-1-768x512.jpg 768w" sizes="auto, (max-width: 1000px) 100vw, 1000px" /></figure>
</figure>



<div class="wp-block-columns is-layout-flex wp-container-core-columns-is-layout-9d6595d7 wp-block-columns-is-layout-flex">
<div class="wp-block-column is-layout-flow wp-block-column-is-layout-flow"></div>



<div class="wp-block-column is-layout-flow wp-block-column-is-layout-flow"></div>
</div>

<p>Z kapacitních důvodů jsme byly nuceni dočasně pozastavit příjímání nových pacientů. Kontakty:MDDr.Zuzana FaškováCentrum zdravotní péče Jarov, 3.patroHartigova 205 (dříve Koněvova), Praha 3 email: mddr.faskova@email.cz telefon: +420 736 404 665 Otevírací doba:po &#8211; čt: 8.00 &#8211; 16.00pá: 8.00 &#8211; 12.00 (pouze dentální hygiena) Nepřítomnost2.4.2026 dovolená O nás vítejte v naší moderní zubní ordinaci, kde se budeme [&hellip;]</p>
